*a + 7*a - 740 = 0. What is the tens digit of a?
7
Let k(s) = -3*s**3 - 5*s**2 - 3*s + 2. Suppose -139*o + 140*o - 42 = 0. Let z = 39 - o. What is the tens digit of k(z)?
4
Let z(x) = 9*x**2 - 22*x - 12. Let b(g) = 10*g**2 - 21*g - 11. Let j(i) = -4*b(i) + 5*z(i). What is the hundreds digit of j(-7)?
4
Suppose -3*r - 11031 = -4*h, 4*r - 5488 = -6*h + 4*h. Suppose h - 40233 = -31*m. What is the tens digit of m?
0
Let n = -1531 - -1015. Let x = -243 - n. What is the units digit of x?
3
Let o(s) = -s**2 - s - 8. Let r be o(-7). Suppose -t - 5*m = -23, 14 = 4*t - m - 36. Let a = t - r. What is the tens digit of a?
6
Suppose -7*m + 16 = m. What is the units digit of 0 - 3 - (-620)/m?
7
Let k(r) = -7578*r - 423. What is the tens digit of k(-2)?
3
Let y(b) = 421*b**2 - 4*b + 3. Let k be y(1). Let t = k + -62. What is the tens digit of t?
5
Suppose -60*o - 122450 = -148*o + 63*o. What is the tens digit of o?
9
Suppose i - 1045 - 347 = 0. Suppose 2*y + 635 = 2*m + 2017, -2*y + 4*m + i = 0. What is the tens digit of y?
8
Let z = 47183 + -18417. What is the units digit of z?
6
Let k(h) = 60*h**2 + 7*h - 23. Suppose -3*i = -3*z, 12 - 4 = -5*i + 3*z. What is the units digit of k(i)?
9
What is the thousands digit of (-138872)/(-23) - 498/(-5727)?
6
Suppose 4*q - 76 = -4*f, 0 = -f - 3*f + 8. Suppose 2*j + q = -k + 3, 5*j = 5*k + 10. Let l(i) = -2*i**3 - 9*i**2 - 6*i - 10. What is the tens digit of l(k)?
3
Let j = 507 + -477. What is the tens digit of (j + -26)/((-6)/(-573))?
8
Let b = -1330 - -1692. What is the tens digit of b?
6
Suppose 0 = 5*k + 3*i + 268 + 11, -207 = 4*k - 3*i. Let q(r) = 20*r. Let l be q(6). Let h = k + l. What is the units digit of h?
6
What is the tens digit of ((-384)/84)/((-4)/672)?
6
Let n = 7131 - 3347. What is the hundreds digit of n?
7
Let r be 110/7 + 34/119. What is the units digit of (r/(-2) - -7) + (0 - -91)?
0
Let s be -422 - ((-30)/(-10) + -5 + 1). What is the hundreds digit of s*(-1)/(-3)*-3?
4
Let l(a) be the second derivative of -34*a - 1/20*a**5 + 0 + 8*a**2 + 19/12*a**4 + 2/3*a**3. What is the tens digit of l(19)?
9
Suppose -10*m - 9178 = -1998. Let i = 1247 + m. What is the units digit of i?
9
Suppose 3 = -19*b + 20*b. Suppose 4*k + 178 + 111 = 5*a, 0 = -b*a - 3*k + 168. Let h = a - -4. What is the tens digit of h?
6
Let c be ((-40)/12)/((-2)/3). Suppose 0 = c*s - 4*q - 2894, 0 = 2*s - 2*q - 1169 + 13. What is the hundreds digit of (-16)/(-88) + 6*s/33?
1
Suppose -2*p + 24 + 42 = 0. Suppose 35*q = p*q + 1580. What is the hundreds digit of q?
7
Let a(n) = -315*n + 55. Let p be a(-2). Suppose -k + 350 = 2*h + h, -h = 2*k - p. What is the units digit of k?
1
Suppose 56*l - 300748 = 42924. What is the hundreds digit of l?
1
Suppose -4*g - 448 = s, -2*s = -g + 3*s - 133. Let c = 118 + g. What is the units digit of c?
5
Suppose 0 = 3*c + 3*b - 16408 - 5084, -21495 = -3*c - 2*b. What is the hundreds digit of c?
1
Let o(l) = 8*l**2 - 229*l - 158. What is the units digit of o(55)?
7
Suppose -75961 = -42*z + 276209. What is the tens digit of z?
8
Suppose 3*l - 222801 = 23*r - 19*r, 0 = 4*l - r - 297081. What is the units digit of l?
1
Suppose 2*r + 1 = -2*q + 9, 3*r + 4*q - 12 = 0. Suppose 0 = r*k + 8 + 4. What is the units digit of (22*(-6)/16)/(k/36)?
9
Let j(d) = -127*d - 245. Let x be j(-17). Let s = -1058 + x. What is the units digit of s?
6
Suppose -25*f + 77181 = -44144. What is the units digit of f?
3
Let n(v) = -v + 21. Let w be n(13). Suppose w*s - 5*s = -4*z + 1071, -2*s - 4*z = -710. Let a = s - 150. What is the tens digit of a?
1
Let g = 10159 + -5867. What is the tens digit of g/15 - 74/555?
8
Let x = 63 + -60. Let f(n) = 654 + x*n + 8*n**2 + 0*n**2 + n**3 - 648 - 6*n. What is the units digit of f(-4)?
2
Suppose 109*t - 572055 + 123193 = 0. What is the thousands digit of t?
4
Let m = -3294 - -9650. What is the tens digit of m?
5
Let f = 149 + -120. Suppose 0 = f*w - 31*w + 168. What is the units digit of w?
4
Suppose 91*h - 65*h - 60*h = -685372. What is the ten thousands digit of h?
2
Let c be (((-17892)/48)/21)/((-2)/80). Let s = c - 319. What is the hundreds digit of s?
3
Let o(l) = 1733*l + 69603. What is the hundreds digit of o(0)?
6
Let j(u) be the third derivative of 17*u**4/24 - 4*u**3/3 + 2*u**2 - 141*u. Let f(v) = v**2 - 3. Let z be f(3). What is the tens digit of j(z)?
9
Let d be 863/(-7) + (-2)/(-7). Suppose 0 = 31*p + 2964 - 112. Let x = p - d. What is the units digit of x?
1
Let w(i) = i - 38. Let m be w(-7). Let l = 41 + m. What is the units digit of (-23)/(l/(-26) + 70/(-286))?
3
Suppose 0 = -2*d + 6*d + 12. Let o be -93 + 6/(-2) + d + 6. Let l = o + 150. What is the tens digit of l?
5
Let a = 3701 + -1464. What is the tens digit of a?
3
Let u(d) be the third derivative of 21*d**2 + 0 + 0*d - 13/3*d**4 + 1/3*d**3. What is the tens digit of u(-1)?
0
Let x(z) = -2*z**2 - 21*z - 22. Let i be x(-9). Suppose -766 = -i*u - 4*l + 5827, 2*l = -4*u + 5272. What is the units digit of u?
7
Suppose 0*g + 2 = g. Let v(o) be the first derivative of 28*o**3/3 + 26. What is the units digit of v(g)?
2
Let n be 12*(-1 - (-10)/6). Let q be (n/(-16))/(2/(-24)). Let y = 60 + q. What is the tens digit of y?
6
Suppose 2*x - 3*k = 8, 0*k + 3*k = -4*x + 34. Suppose -3*p + x = -8. Suppose -3*i + p*a = -168, -6*i + 4*i + 5*a = -117. What is the units digit of i?
1
Suppose 4*z - 550 = -z. Suppose -5*k = -4*f + 104, -4*f = k + 2*k + 56. Let l = z + k. What is the units digit of l?
0
Suppose 2*r + 10 = -4*l + 2880, -5*r + 2*l + 7187 = 0. What is the tens digit of r?
3
Let q(h) = 62*h**2 + 56*h - 70. What is the thousands digit of q(11)?
8
Let z be 8/28 - (-1804)/7. Let m = z + 99. What is the tens digit of m?
5
Suppose -3*c + 4*c = 23. Let i(m) = -m**3 + 30*m**2 - 23*m - 155. Let u be i(29). Suppose u*r + 772 = c*r. What is the units digit of r?
3
Let t = 44741 + -28575. What is the units digit of t?
6
Let n = 22 - 82. Let s = -56 - n. Suppose -3*x + 4*u + 63 = 0, x + 5*u = -s*x + 70. What is the units digit of x?
7
Suppose 7*t + 1363 = 40017 + 6482. What is the hundreds digit of t?
4
Let k(l) be the third derivative of -l**5/60 + 11*l**4/12 + l**3/2 - 41*l**2. What is the tens digit of k(15)?
0
Let r(z) = -201*z + 450. What is the hundreds digit of r(-13)?
0
Suppose -u + p + 1463 = -992, -3*u + 5*p = -7361. Suppose 2*i = -5*i + u. What is the tens digit of i?
5
What is the thousands digit of (-2)/(-28)*8 + -1*29496/(-28)?
1
Let c(n) = -n**2 + n + 263. Let v be 4 - 1/((-6)/(-24)). What is the hundreds digit of c(v)?
2
Suppose 0 = -11*z + 17*z + 1428. Let b be ((-143)/(-3))/(2/(-6)). Let r = b - z. What is the units digit of r?
5
Let q(m) = 22*m**3 + m**2 - 2*m + 2. Let h be q(1). Let g(n) = -n**3 + 22*n**2 + 30*n + 39. What is the units digit of g(h)?
0
Let c = 24 - 16. Suppose -13*z + 15 = -c*z. What is the units digit of ((-17)/z)/((-3)/63)?
9
Let b be (1 - 6)/1 - -9. Suppose -6*d - z = -4*d - 263, -5*d = -b*z - 690. What is the units digit of d?
4
Let z(u) = 8*u**3 - 84 - 5*u**2 - 3*u**3 - 4*u**3. Let c(v) = -v**3 + 6*v**2 + 84. Let h(j) = -4*c(j) - 5*z(j). What is the units digit of h(0)?
4
Let c be -9 + (6 - 0) - -548. Let i = c - 180. What is the units digit of i?
5
Let h = 7325 + -3850. What is the thousands digit of h?
3
What is the hundreds digit of (-6)/(-15) - 0 - (-55596)/180*3?
9
Let s be (32/20)/(4/2270). Let i be (-28)/32*2 - 2/8. What is the units digit of 7/((-21)/i) + s/6?
2
Suppose 4*f - 64 = -52, 0 = -t - 4*f + 1436. What is the tens digit of t?
2
Suppose 4*r = -r + l + 140, -56 = -2*r - 4*l. Suppose -22 = -30*z + r*z. Suppose z*a - 2980 = -9*a. What is the units digit of a?
9
Let t(k) = -141*k - 47. Let z be t(8). Let x = -700 - z. What is the units digit of x?
5
Let q = 980 - -2735. What is the tens digit of q?
1
Suppose 12*m - 20 = 8*m. Suppose 0 = m*b + c - 115, 4*c = -b + 7*c + 39. What is the units digit of b?
4
Suppose 85*n = 240889 - 65704. What is the tens digit of n?
6
Let v be ((-213)/(-6) - 5)*-24. Let z = v + 1758. What is the thousands digit of z?
1
Let y = -9 - -15. Suppose -y*v = -10*v + 132. Let c = v - 24. What is the units digit of c?
9
Let g = -48 + 38. What is the units digit of ((-26295)/75 - -3)/(4/g)?
9
Let k(x) = -234*x + 46. Let v be k(-10). Suppose -54 - v = -2*i. What is the 